divisor of 208 and 164?
4
What is the highest common divisor of 343148 and 39?
13
Calculate the greatest common divisor of 212 and 2984854.
106
What is the highest common divisor of 16274 and 55616?
158
Calculate the highest common divisor of 50 and 2721350.
50
What is the highest common factor of 840 and 67020?
60
What is the highest common divisor of 34056 and 54?
18
Calculate the greatest common factor of 1170 and 116055.
45
What is the greatest common factor of 1178 and 13206?
62
What is the highest common divisor of 3268 and 10492?
172
Calculate the greatest common divisor of 31652 and 1804.
164
Calculate the greatest common factor of 92741 and 187.
11
What is the highest common factor of 119 and 10880?
17
Calculate the highest common divisor of 16 and 1606992.
16
What is the greatest common divisor of 4186 and 42?
14
Calculate the highest common factor of 62640 and 144.
144
What is the highest common divisor of 800 and 109970?
10
What is the highest common factor of 28892 and 248?
124
What is the highest common divisor of 112140 and 84550?
890
What is the greatest common divisor of 234 and 2066454?
234
What is the greatest common divisor of 1022562 and 54?
18
Calculate the greatest common divisor of 748 and 114488.
44
What is the highest common factor of 479900 and 4?
4
Calculate the highest common divisor of 15582 and 2793.
147
What is the greatest common divisor of 19646 and 85822?
1034
Calculate the greatest common divisor of 385 and 280511.
77
What is the highest common factor of 496541 and 2181?
727
What is the highest common factor of 2718 and 22590?
18
Calculate the highest common factor of 33790 and 465.
155
What is the greatest common factor of 1013188 and 44?
44
Calculate the highest common factor of 30128 and 448.
112
Calculate the highest common divisor of 51 and 1074111.
51
What is the highest common divisor of 62762 and 36?
2
What is the highest common divisor of 867 and 60486?
51
What is the highest common factor of 3430 and 805?
35
What is the greatest common factor of 97 and 42583?
97
What is the greatest common divisor of 109 and 429787?
109
Calculate the highest common factor of 123864 and 1144.
104
Calculate the greatest common divisor of 36 and 351684.
36
Calculate the greatest common factor of 99 and 5720.
11
What is the highest common divisor of 134 and 3953?
67
What is the highest common divisor of 23 and 719509?
23
What is the highest common factor of 1004 and 29367?
251
Calculate the highest common factor of 51 and 2778.
3
Calculate the greatest common divisor of 5423 and 165.
11
What is the highest common divisor of 651 and 2883?
93
Calculate the greatest common factor of 215496 and 3936.
984
Calculate the highest common divisor of 202 and 269670.
202
What is the greatest common factor of 418777 and 43?
43
What is the highest common divisor of 35557 and 148?
37
Calculate the greatest common factor of 267872 and 1056.
352
Calculate the highest common factor of 549558 and 900.
18
What is the highest common factor of 150 and 25068?
6
What is the greatest common divisor of 180 and 3678?
6
Calculate the greatest common factor of 12926 and 2576.
46
What is the greatest common factor of 800 and 16384?
32
Calculate the greatest common divisor of 2169 and 867359.
241
What is the greatest common factor of 630 and 89640?
90
Calculate the highest common divisor of 1244 and 83659.
311
What is the greatest common factor of 3192 and 3696?
168
What is the highest common divisor of 196742 and 15886?
1222
What is the greatest common divisor of 4632 and 136?
8
Calculate the highest common factor of 35 and 29115.
5
What is the highest common divisor of 228715 and 18625?
745
Calculate the greatest common factor of 14942 and 482.
482
What is the highest common factor of 24 and 5716?
4
What is the highest common factor of 7076 and 580?
116
Calculate the highest common factor of 642 and 91271.
107
Calculate the highest common divisor of 400589 and 623.
623
Calculate the greatest common factor of 72 and 8.
8
Calculate the greatest common divisor of 68143 and 83.
83
What is the highest common divisor of 6150 and 390?
30
What is the highest common divisor of 332037 and 7347?
237
What is the greatest common divisor of 4218 and 18981?
2109
Calculate the greatest common divisor of 7486 and 86678.
38
Calculate the highest common divisor of 67437 and 4779.
531
What is the greatest common divisor of 1215 and 1845?
45
What is the highest common divisor of 232 and 5794?
2
Calculate the highest common divisor of 59892 and 81468.
372
Calculate the highest common divisor of 258 and 15294.
6
What is the greatest common factor of 17317282 and 31?
31
What is the greatest common factor of 152618 and 548?
274
What is the highest common factor of 2117 and 1752?
73
What is the greatest common divisor of 196 and 328083?
7
What is the highest common factor of 58463 and 85?
17
What is the highest common factor of 685 and 55?
5
What is the greatest common divisor of 6048 and 4816?
112
What is the greatest common factor of 810 and 304074?
162
What is the highest common factor of 1284517 and 39?
13
What is the highest common factor of 4 and 513536?
4
Calculate the greatest common factor of 59128 and 256.
8
Calculate the greatest common divisor of 185 and 705553.
37
What is the greatest common factor of 326 and 553222?
326
Calculate the highest common factor of 24998 and 464.
58
Calculate the highest common divisor of 11 and 90673.
11
What is the greatest common factor of 510 and 813705?
255
What is the greatest common factor of 1472819 and 254?
127
What is the greatest common divisor of 506 and 88918?
46
Calculate the greatest common factor of 1400 and 30380.
140
Calculate the greatest common divisor of 323 and 4959.
19
Calculate the greatest common divisor of 189956 and 3934.
562
What is the highest common divisor of 365603 and 406?
203
What is the greatest common divisor of 36862 and 21?
7
What is the highest common factor of 1494 and 4104?
18
What is the greatest common divisor of 115660 and 160?
20
Calculate the highest common divisor of 482 and 1928.
482
Calculate the greatest common factor of 36 and 4062.
6
Calculate the greatest common factor of 380860 and 1112.
556
Calculate the greatest common factor of 37989 and 108.
27
Calculate the greatest common factor of 33 and 28473.
3
What is the greatest common factor of 1545 and 79413?
309
What is the greatest common factor of 5505 and 10?
5
What is the highest common factor of 8 and 31484?
4
Calculate the greatest common factor of 12243 and 53.
53
What is the highest common factor of 27547 and 326?
163
Calculate the highest common factor of 121811 and 287.
41
What is the highest common divisor of 111080 and 800?
40
Calculate the highest common divisor of 12493 and 4589.
13
What is the greatest common factor of 111 and 294631?
37
What is the highest common divisor of 53119 and 1317?
439
Calculate the greatest common divisor of 51912 and 339192.
504
Calculate the highest common factor of 542 and 1659062.
542
What is the highest common factor of 83725 and 17?
17
What is the greatest common divisor of 116896 and 64?
32
What is the highest common factor of 1209 and 99696?
93
Calculate the greatest common divisor of 798242 and 1542.
514
Calculate the highest common factor of 9200 and 4226480.
1840
Calculate the greatest common factor of 32 and 998.
2
What is the highest common factor of 109656 and 152?
8
What is the highest common factor of 105 and 3969?
21
What is the highest common divisor of 152196 and 220?
44
Calculate the highest common factor of 6708 and 624.
156
What is the highest common divisor of 328325 and 1725?
575
Calculate the highest common divisor of 9844 and 90712.
92
Calculate the greatest common divisor of 2691 and 67392.
117
Calculate the highest common factor of 14 and 552678.
14
Calculate the greatest common divisor of 9722 and 40.
2
What is the greatest common divisor of 5115 and 156705?
465
Calculate the highest common factor of 149 and 43657.
149
Calculate the highest common factor of 421 and 9730152.
421
Calculate the highest common factor of 552195 and 1785.
105
Calculate the greatest common factor of 16166 and 29618.
118
Calculate the highest common factor of 6118 and 198398.
874
W